{"id":344,"date":"2021-08-27T11:48:12","date_gmt":"2021-08-27T11:48:12","guid":{"rendered":"http:\/\/dummy.xtemos.com\/woodmart2\/elementor\/?post_type=product&#038;p=344"},"modified":"2024-12-19T15:13:44","modified_gmt":"2024-12-19T15:13:44","slug":"kilo-kontrol-ve-fitness-paketi","status":"publish","type":"product","link":"https:\/\/cleopatrasbasilica.com\/?product=kilo-kontrol-ve-fitness-paketi","title":{"rendered":"Kilo Kontrol ve Fitness Paketi"},"content":{"rendered":"\t\t<div data-elementor-type=\"wp-post\" data-elementor-id=\"344\" class=\"elementor elementor-344\">\n\t\t\t\t<div class=\"wd-negative-gap elementor-element elementor-element-8fe9a00 e-flex e-con-boxed e-con e-parent\" data-id=\"8fe9a00\" data-element_type=\"container\" data-e-type=\"container\">\n\t\t\t\t\t<div class=\"e-con-inner\">\n\t\t<div class=\"elementor-element elementor-element-430e551 e-con-full e-flex e-con e-child\" data-id=\"430e551\" data-element_type=\"container\" data-e-type=\"container\">\n\t\t\t\t<div class=\"elementor-element elementor-element-05c1d79 elementor-widget elementor-widget-wd_text_block\" data-id=\"05c1d79\" data-element_type=\"widget\" data-e-type=\"widget\" data-widget_type=\"wd_text_block.default\">\n\t\t\t\t<div class=\"elementor-widget-container\">\n\t\t\t\t\t\t\t<div class=\"wd-text-block reset-last-child text-left\">\n\t\t\t\n\t\t\t<h4><strong>Hayalini Kurdu\u011funuz Fit ve Sa\u011fl\u0131kl\u0131 V\u00fccuda Kavu\u015fun!\n<\/strong><\/h4>\n<img decoding=\"async\" class=\"size-full wp-image-220 alignleft\" src=\"http:\/\/94.73.147.215\/~u2282236\/wp-content\/uploads\/2021\/08\/HelthLife-Logo.png\" alt=\"\" width=\"120\" height=\"88\" \/>Kilo Kontrol ve Fitness Paketi, sa\u011fl\u0131kl\u0131 ya\u015fam hedeflerinize ula\u015fman\u0131z i\u00e7in ihtiyac\u0131n\u0131z olan t\u00fcm \u00e7\u00f6z\u00fcmleri bir araya getiriyor. Ki\u015fiye \u00f6zel tasarlanm\u0131\u015f bu paket, yaln\u0131zca kilo vermenize yard\u0131mc\u0131 olmakla kalmaz, ayn\u0131 zamanda g\u00fc\u00e7l\u00fc ve dinamik bir v\u00fccut in\u015fa etmenizi destekler.\n\t\t\t\t\t<\/div>\n\t\t\t\t\t\t<\/div>\n\t\t\t\t<\/div>\n\t\t\t\t<\/div>\n\t\t<div class=\"elementor-element elementor-element-c189e30 e-con-full e-flex e-con e-child\" data-id=\"c189e30\" data-element_type=\"container\" data-e-type=\"container\">\n\t\t\t\t<div class=\"elementor-element elementor-element-a18d0ec elementor-widget elementor-widget-wd_text_block\" data-id=\"a18d0ec\" data-element_type=\"widget\" data-e-type=\"widget\" data-widget_type=\"wd_text_block.default\">\n\t\t\t\t<div class=\"elementor-widget-container\">\n\t\t\t\t\t\t\t<div class=\"wd-text-block reset-last-child text-left\">\n\t\t\t\n\t\t\t<h4>Paket \u0130\u00e7eri\u011fi\n<\/h4>\n<strong>Kimler \u0130\u00e7in Uygun?<\/strong>\n<ul class=\"unordered-list\">\n \t<li>E\u011fer:<ul class=\"unordered-list\">\n \t<li>\u2022 Fazla kilolar\u0131n\u0131zdan sa\u011fl\u0131kl\u0131 bir \u015fekilde kurtulmak,\n<ul class=\"unordered-list\">\n \t<li>\u2022Daha g\u00fc\u00e7l\u00fc ve dinamik bir v\u00fccut in\u015fa etmek,\n<ul class=\"unordered-list\">\n \t<li>\u2022 Fitness hedeflerinize daha k\u0131sa s\u00fcrede ula\u015fmak istiyorsan\u0131z,\nbu paket tam size g\u00f6re!\n\n<ul class=\"unordered-list\">\n \t<li>\t1. Kapsaml\u0131 V\u00fccut Analizi:\nSa\u011fl\u0131k uzmanlar\u0131m\u0131z, v\u00fccudunuzun ya\u011f-kas oran\u0131n\u0131, metabolizma h\u0131z\u0131n\u0131 ve genel sa\u011fl\u0131k durumunuzu analiz ederek sizin i\u00e7in ideal bir program olu\u015fturur.\n<\/li>\n \t<li>\t2. Beslenme Dan\u0131\u015fmanl\u0131\u011f\u0131 ve Ki\u015fisel Diyet Plan\u0131:\nLezzetli ve dengeli \u00f6\u011f\u00fcnlerle hem kilo kontrol\u00fcn\u00fc sa\u011fl\u0131yor hem de enerjinizi y\u00fcksek tutuyoruz. Diyet planlar\u0131n\u0131z, ya\u015fam tarz\u0131n\u0131za ve zevklerinize uygun \u015fekilde haz\u0131rlan\u0131r.\n<\/li>\n \t<li>3. Profesyonel Fitness E\u011fitimleri:\nUzman e\u011fitmenler e\u015fli\u011finde g\u00fc\u00e7, dayan\u0131kl\u0131l\u0131k ve esneklik odakl\u0131 birebir veya grup dersleriyle v\u00fccudunuzu \u015fekillendirin. Yoga, pilates, HIIT ve kardiyo se\u00e7enekleriyle hem zihinsel hem fiziksel bir yenilenme sa\u011flay\u0131n.<\/li>\n \t<li>\t4. Metabolizma H\u0131zland\u0131r\u0131c\u0131 Terapi ve Spa Seanslar\u0131:\n\u00d6zel cihazlarla yap\u0131lan tedavilerle v\u00fccudunuzdaki ya\u011f yak\u0131m\u0131n\u0131 h\u0131zland\u0131r\u0131rken, spa ve masaj seanslar\u0131yla kaslar\u0131n\u0131z\u0131 rahatlat\u0131yoruz.\n<\/li>\n<\/ul>\t5. Psikolojik Destek ve Motivasyon Seanslar\u0131:\nSa\u011fl\u0131kl\u0131 al\u0131\u015fkanl\u0131klar edinmeniz ve s\u00fcrd\u00fcr\u00fclebilir bir ya\u015fam tarz\u0131 olu\u015fturman\u0131z i\u00e7in motivasyonunuzu s\u00fcrekli y\u00fcksek tutman\u0131za destek oluyoruz.\n <ul class=\"unordered-list\">\n \t<li>\n\t\t\t\t\t<\/div>\n\t\t\t\t\t\t<\/div>\n\t\t\t\t<\/div>\n\t\t\t\t<\/div>\n\t\t<div class=\"elementor-element elementor-element-cd2d9d5 e-con-full e-flex e-con e-child\" data-id=\"cd2d9d5\" data-element_type=\"container\" data-e-type=\"container\">\n\t\t\t\t<div class=\"elementor-element elementor-element-637df21 elementor-widget elementor-widget-wd_text_block\" data-id=\"637df21\" data-element_type=\"widget\" data-e-type=\"widget\" data-widget_type=\"wd_text_block.default\">\n\t\t\t\t<div class=\"elementor-widget-container\">\n\t\t\t\t\t\t\t<div class=\"wd-text-block reset-last-child text-left\">\n\t\t\t\n\t\t\t<h4>Harekete Ge\u00e7in ve De\u011fi\u015fimi Ba\u015flat\u0131n!<\/h4>\nBug\u00fcn bir ad\u0131m at\u0131n ve hayat\u0131n\u0131z\u0131 d\u00f6n\u00fc\u015ft\u00fcrmeye ba\u015flay\u0131n. \u00c7\u00fcnk\u00fc en iyi yat\u0131r\u0131m, kendinize yapt\u0131\u011f\u0131n\u0131z yat\u0131r\u0131md\u0131r.\n\n<h4><strong>HEDEF\u0130N\u0130Z\u0130 BEL\u0130RLEY\u0130N<\/strong><\/h4>\nTahlillerinizi yap\u0131yoruz. Vucudunuzun neye ihtiyac\u0131 oldu\u011funu belirliyoruz. Fiziksel durumunuza g\u00f6re Uzman Doktorlar\u0131m\u0131z ve Antren\u00f6rlerimiz e\u015fli\u011finde size \u00f6zel beslenme ve aktivite program\u0131 olu\u015fturuyoruz. \n<h4><strong>HER ANINIZDA YANINIZDAYIZ<\/strong><\/h4>\nMental, fiziksel, performan sa\u011fl\u0131\u011f\u0131n\u0131z\u0131 en iyi noktaya getirmek i\u00e7in var g\u00fcc\u00fcm\u00fczle yan\u0131n\u0131zday\u0131z.\n\t\t\t\t\t<\/div>\n\t\t\t\t\t\t<\/div>\n\t\t\t\t<\/div>\n\t\t\t\t<\/div>\n\t\t\t\t\t<\/div>\n\t\t\t\t<\/div>\n\t\t\t\t<\/div>\n\t\t","protected":false},"excerpt":{"rendered":"<p>\u2022 Ki\u015fiye \u00f6zel diyet ve egzersiz plan\u0131<br \/>\n\u2022 Ya\u011f yak\u0131c\u0131 termal su terapileri<br \/>\n\u2022 Profesyonel e\u011fitmen e\u015fli\u011finde fitness seanslar\u0131<br \/>\n\u2022 Kilo kontrol\u00fcn\u00fc destekleyen d\u00fczenli v\u00fccut analizleri<br \/>\nPaket Fiyat\u0131<br \/>\n\u20ac3.000 Euro &#8211; (3.450 USDC Coin)<\/p>\n","protected":false},"featured_media":15753,"comment_status":"open","ping_status":"closed","template":"","meta":[],"product_brand":[],"product_cat":[32,29],"product_tag":[],"class_list":{"0":"post-344","1":"product","2":"type-product","3":"status-publish","4":"has-post-thumbnail","6":"product_cat-detoks-programlari","7":"product_cat-wellness-paketleri","9":"first","10":"instock","11":"sale","12":"featured","13":"taxable","14":"shipping-taxable","15":"purchasable","16":"product-type-simple"},"yoast_head":"<!-- This site is optimized with the Yoast SEO plugin v26.9 - https:\/\/yoast.com\/product\/yoast-seo-wordpress\/ -->\n<title>Kilo Kontrol ve Fitness Paketi - CLEOPATRA&#039;S BASILICA SA\u011eLIK KASABASI<\/title>\n<meta name=\"robots\" content=\"index, follow, max-snippet:-1, max-image-preview:large, max-video-preview:-1\" \/>\n<link rel=\"canonical\" href=\"https:\/\/cleopatrasbasilica.com\/?product=kilo-kontrol-ve-fitness-paketi\" \/>\n<meta property=\"og:locale\" content=\"tr_TR\" \/>\n<meta property=\"og:type\" content=\"article\" \/>\n<meta property=\"og:title\" content=\"Kilo Kontrol ve Fitness Paketi - CLEOPATRA&#039;S BASILICA SA\u011eLIK KASABASI\" \/>\n<meta property=\"og:description\" content=\"\u2022 Ki\u015fiye \u00f6zel diyet ve egzersiz plan\u0131 \u2022 Ya\u011f yak\u0131c\u0131 termal su terapileri \u2022 Profesyonel e\u011fitmen e\u015fli\u011finde fitness seanslar\u0131 \u2022 Kilo kontrol\u00fcn\u00fc destekleyen d\u00fczenli v\u00fccut analizleri Paket Fiyat\u0131 \u20ac3.000 Euro - (3.450 USDC Coin)\" \/>\n<meta property=\"og:url\" content=\"https:\/\/cleopatrasbasilica.com\/?product=kilo-kontrol-ve-fitness-paketi\" \/>\n<meta property=\"og:site_name\" content=\"CLEOPATRA&#039;S BASILICA SA\u011eLIK KASABASI\" \/>\n<meta property=\"article:publisher\" content=\"http:\/\/www.facebook.com\/cleopatrasbasilica\" \/>\n<meta property=\"article:modified_time\" content=\"2024-12-19T15:13:44+00:00\" \/>\n<meta property=\"og:image\" content=\"https:\/\/cleopatrasbasilica.com\/wp-content\/uploads\/2024\/12\/ff-slider-v2-studios-1800.jpg\" \/>\n\t<meta property=\"og:image:width\" content=\"1800\" \/>\n\t<meta property=\"og:image:height\" content=\"1250\" \/>\n\t<meta property=\"og:image:type\" content=\"image\/jpeg\" \/>\n<meta name=\"twitter:card\" content=\"summary_large_image\" \/>\n<meta name=\"twitter:site\" content=\"@cleopatrachange\" \/>\n<meta name=\"twitter:label1\" content=\"Tahmini okuma s\u00fcresi\" \/>\n\t<meta name=\"twitter:data1\" content=\"2 dakika\" \/>\n<script type=\"application\/ld+json\" class=\"yoast-schema-graph\">{\"@context\":\"https:\/\/schema.org\",\"@graph\":[{\"@type\":\"WebPage\",\"@id\":\"https:\/\/cleopatrasbasilica.com\/?product=kilo-kontrol-ve-fitness-paketi\",\"url\":\"https:\/\/cleopatrasbasilica.com\/?product=kilo-kontrol-ve-fitness-paketi\",\"name\":\"Kilo Kontrol ve Fitness Paketi - CLEOPATRA'S BASILICA SA\u011eLIK KASABASI\",\"isPartOf\":{\"@id\":\"https:\/\/cleopatrasbasilica.com\/#website\"},\"primaryImageOfPage\":{\"@id\":\"https:\/\/cleopatrasbasilica.com\/?product=kilo-kontrol-ve-fitness-paketi#primaryimage\"},\"image\":{\"@id\":\"https:\/\/cleopatrasbasilica.com\/?product=kilo-kontrol-ve-fitness-paketi#primaryimage\"},\"thumbnailUrl\":\"https:\/\/cleopatrasbasilica.com\/wp-content\/uploads\/2024\/12\/ff-slider-v2-studios-1800.jpg\",\"datePublished\":\"2021-08-27T11:48:12+00:00\",\"dateModified\":\"2024-12-19T15:13:44+00:00\",\"breadcrumb\":{\"@id\":\"https:\/\/cleopatrasbasilica.com\/?product=kilo-kontrol-ve-fitness-paketi#breadcrumb\"},\"inLanguage\":\"tr\",\"potentialAction\":[{\"@type\":\"ReadAction\",\"target\":[\"https:\/\/cleopatrasbasilica.com\/?product=kilo-kontrol-ve-fitness-paketi\"]}]},{\"@type\":\"ImageObject\",\"inLanguage\":\"tr\",\"@id\":\"https:\/\/cleopatrasbasilica.com\/?product=kilo-kontrol-ve-fitness-paketi#primaryimage\",\"url\":\"https:\/\/cleopatrasbasilica.com\/wp-content\/uploads\/2024\/12\/ff-slider-v2-studios-1800.jpg\",\"contentUrl\":\"https:\/\/cleopatrasbasilica.com\/wp-content\/uploads\/2024\/12\/ff-slider-v2-studios-1800.jpg\",\"width\":1800,\"height\":1250},{\"@type\":\"BreadcrumbList\",\"@id\":\"https:\/\/cleopatrasbasilica.com\/?product=kilo-kontrol-ve-fitness-paketi#breadcrumb\",\"itemListElement\":[{\"@type\":\"ListItem\",\"position\":1,\"name\":\"Anasayfa\",\"item\":\"https:\/\/cleopatrasbasilica.com\/\"},{\"@type\":\"ListItem\",\"position\":2,\"name\":\"Shop\",\"item\":\"https:\/\/cleopatrasbasilica.com\/?page_id=47\"},{\"@type\":\"ListItem\",\"position\":3,\"name\":\"Kilo Kontrol ve Fitness Paketi\"}]},{\"@type\":\"WebSite\",\"@id\":\"https:\/\/cleopatrasbasilica.com\/#website\",\"url\":\"https:\/\/cleopatrasbasilica.com\/\",\"name\":\"CLEOPATRA'S BASILICA\",\"description\":\"&quot;Kleopatra'n\u0131n Miras\u0131nda G&uuml;zelli\u011fi ve Sa\u011fl\u0131\u011f\u0131 Yeniden Ke\u015ffet!&quot;\",\"publisher\":{\"@id\":\"https:\/\/cleopatrasbasilica.com\/#organization\"},\"potentialAction\":[{\"@type\":\"SearchAction\",\"target\":{\"@type\":\"EntryPoint\",\"urlTemplate\":\"https:\/\/cleopatrasbasilica.com\/?s={search_term_string}\"},\"query-input\":{\"@type\":\"PropertyValueSpecification\",\"valueRequired\":true,\"valueName\":\"search_term_string\"}}],\"inLanguage\":\"tr\"},{\"@type\":\"Organization\",\"@id\":\"https:\/\/cleopatrasbasilica.com\/#organization\",\"name\":\"CLEOPATRA'S BASILICA\",\"url\":\"https:\/\/cleopatrasbasilica.com\/\",\"logo\":{\"@type\":\"ImageObject\",\"inLanguage\":\"tr\",\"@id\":\"https:\/\/cleopatrasbasilica.com\/#\/schema\/logo\/image\/\",\"url\":\"http:\/\/94.73.147.215\/~u2282236\/wp-content\/uploads\/2021\/08\/cropped-CLEOPATRAS-Basilica-logo-red-v1.png\",\"contentUrl\":\"http:\/\/94.73.147.215\/~u2282236\/wp-content\/uploads\/2021\/08\/cropped-CLEOPATRAS-Basilica-logo-red-v1.png\",\"width\":512,\"height\":512,\"caption\":\"CLEOPATRA'S BASILICA\"},\"image\":{\"@id\":\"https:\/\/cleopatrasbasilica.com\/#\/schema\/logo\/image\/\"},\"sameAs\":[\"http:\/\/www.facebook.com\/cleopatrasbasilica\",\"https:\/\/x.com\/cleopatrachange\",\"http:\/\/www.instagram.com\/cleopatrasbasilica\"]}]}<\/script>\n<!-- \/ Yoast SEO plugin. -->","yoast_head_json":{"title":"Kilo Kontrol ve Fitness Paketi - CLEOPATRA'S BASILICA SA\u011eLIK KASABASI","robots":{"index":"index","follow":"follow","max-snippet":"max-snippet:-1","max-image-preview":"max-image-preview:large","max-video-preview":"max-video-preview:-1"},"canonical":"https:\/\/cleopatrasbasilica.com\/?product=kilo-kontrol-ve-fitness-paketi","og_locale":"tr_TR","og_type":"article","og_title":"Kilo Kontrol ve Fitness Paketi - CLEOPATRA'S BASILICA SA\u011eLIK KASABASI","og_description":"\u2022 Ki\u015fiye \u00f6zel diyet ve egzersiz plan\u0131 \u2022 Ya\u011f yak\u0131c\u0131 termal su terapileri \u2022 Profesyonel e\u011fitmen e\u015fli\u011finde fitness seanslar\u0131 \u2022 Kilo kontrol\u00fcn\u00fc destekleyen d\u00fczenli v\u00fccut analizleri Paket Fiyat\u0131 \u20ac3.000 Euro - (3.450 USDC Coin)","og_url":"https:\/\/cleopatrasbasilica.com\/?product=kilo-kontrol-ve-fitness-paketi","og_site_name":"CLEOPATRA'S BASILICA SA\u011eLIK KASABASI","article_publisher":"http:\/\/www.facebook.com\/cleopatrasbasilica","article_modified_time":"2024-12-19T15:13:44+00:00","og_image":[{"width":1800,"height":1250,"url":"https:\/\/cleopatrasbasilica.com\/wp-content\/uploads\/2024\/12\/ff-slider-v2-studios-1800.jpg","type":"image\/jpeg"}],"twitter_card":"summary_large_image","twitter_site":"@cleopatrachange","twitter_misc":{"Tahmini okuma s\u00fcresi":"2 dakika"},"schema":{"@context":"https:\/\/schema.org","@graph":[{"@type":"WebPage","@id":"https:\/\/cleopatrasbasilica.com\/?product=kilo-kontrol-ve-fitness-paketi","url":"https:\/\/cleopatrasbasilica.com\/?product=kilo-kontrol-ve-fitness-paketi","name":"Kilo Kontrol ve Fitness Paketi - CLEOPATRA'S BASILICA SA\u011eLIK KASABASI","isPartOf":{"@id":"https:\/\/cleopatrasbasilica.com\/#website"},"primaryImageOfPage":{"@id":"https:\/\/cleopatrasbasilica.com\/?product=kilo-kontrol-ve-fitness-paketi#primaryimage"},"image":{"@id":"https:\/\/cleopatrasbasilica.com\/?product=kilo-kontrol-ve-fitness-paketi#primaryimage"},"thumbnailUrl":"https:\/\/cleopatrasbasilica.com\/wp-content\/uploads\/2024\/12\/ff-slider-v2-studios-1800.jpg","datePublished":"2021-08-27T11:48:12+00:00","dateModified":"2024-12-19T15:13:44+00:00","breadcrumb":{"@id":"https:\/\/cleopatrasbasilica.com\/?product=kilo-kontrol-ve-fitness-paketi#breadcrumb"},"inLanguage":"tr","potentialAction":[{"@type":"ReadAction","target":["https:\/\/cleopatrasbasilica.com\/?product=kilo-kontrol-ve-fitness-paketi"]}]},{"@type":"ImageObject","inLanguage":"tr","@id":"https:\/\/cleopatrasbasilica.com\/?product=kilo-kontrol-ve-fitness-paketi#primaryimage","url":"https:\/\/cleopatrasbasilica.com\/wp-content\/uploads\/2024\/12\/ff-slider-v2-studios-1800.jpg","contentUrl":"https:\/\/cleopatrasbasilica.com\/wp-content\/uploads\/2024\/12\/ff-slider-v2-studios-1800.jpg","width":1800,"height":1250},{"@type":"BreadcrumbList","@id":"https:\/\/cleopatrasbasilica.com\/?product=kilo-kontrol-ve-fitness-paketi#breadcrumb","itemListElement":[{"@type":"ListItem","position":1,"name":"Anasayfa","item":"https:\/\/cleopatrasbasilica.com\/"},{"@type":"ListItem","position":2,"name":"Shop","item":"https:\/\/cleopatrasbasilica.com\/?page_id=47"},{"@type":"ListItem","position":3,"name":"Kilo Kontrol ve Fitness Paketi"}]},{"@type":"WebSite","@id":"https:\/\/cleopatrasbasilica.com\/#website","url":"https:\/\/cleopatrasbasilica.com\/","name":"CLEOPATRA'S BASILICA","description":"&quot;Kleopatra'n\u0131n Miras\u0131nda G&uuml;zelli\u011fi ve Sa\u011fl\u0131\u011f\u0131 Yeniden Ke\u015ffet!&quot;","publisher":{"@id":"https:\/\/cleopatrasbasilica.com\/#organization"},"potentialAction":[{"@type":"SearchAction","target":{"@type":"EntryPoint","urlTemplate":"https:\/\/cleopatrasbasilica.com\/?s={search_term_string}"},"query-input":{"@type":"PropertyValueSpecification","valueRequired":true,"valueName":"search_term_string"}}],"inLanguage":"tr"},{"@type":"Organization","@id":"https:\/\/cleopatrasbasilica.com\/#organization","name":"CLEOPATRA'S BASILICA","url":"https:\/\/cleopatrasbasilica.com\/","logo":{"@type":"ImageObject","inLanguage":"tr","@id":"https:\/\/cleopatrasbasilica.com\/#\/schema\/logo\/image\/","url":"http:\/\/94.73.147.215\/~u2282236\/wp-content\/uploads\/2021\/08\/cropped-CLEOPATRAS-Basilica-logo-red-v1.png","contentUrl":"http:\/\/94.73.147.215\/~u2282236\/wp-content\/uploads\/2021\/08\/cropped-CLEOPATRAS-Basilica-logo-red-v1.png","width":512,"height":512,"caption":"CLEOPATRA'S BASILICA"},"image":{"@id":"https:\/\/cleopatrasbasilica.com\/#\/schema\/logo\/image\/"},"sameAs":["http:\/\/www.facebook.com\/cleopatrasbasilica","https:\/\/x.com\/cleopatrachange","http:\/\/www.instagram.com\/cleopatrasbasilica"]}]}},"_links":{"self":[{"href":"https:\/\/cleopatrasbasilica.com\/index.php?rest_route=\/wp\/v2\/product\/344","targetHints":{"allow":["GET"]}}],"collection":[{"href":"https:\/\/cleopatrasbasilica.com\/index.php?rest_route=\/wp\/v2\/product"}],"about":[{"href":"https:\/\/cleopatrasbasilica.com\/index.php?rest_route=\/wp\/v2\/types\/product"}],"replies":[{"embeddable":true,"href":"https:\/\/cleopatrasbasilica.com\/index.php?rest_route=%2Fwp%2Fv2%2Fcomments&post=344"}],"version-history":[{"count":0,"href":"https:\/\/cleopatrasbasilica.com\/index.php?rest_route=\/wp\/v2\/product\/344\/revisions"}],"wp:featuredmedia":[{"embeddable":true,"href":"https:\/\/cleopatrasbasilica.com\/index.php?rest_route=\/wp\/v2\/media\/15753"}],"wp:attachment":[{"href":"https:\/\/cleopatrasbasilica.com\/index.php?rest_route=%2Fwp%2Fv2%2Fmedia&parent=344"}],"wp:term":[{"taxonomy":"product_brand","embeddable":true,"href":"https:\/\/cleopatrasbasilica.com\/index.php?rest_route=%2Fwp%2Fv2%2Fproduct_brand&post=344"},{"taxonomy":"product_cat","embeddable":true,"href":"https:\/\/cleopatrasbasilica.com\/index.php?rest_route=%2Fwp%2Fv2%2Fproduct_cat&post=344"},{"taxonomy":"product_tag","embeddable":true,"href":"https:\/\/cleopatrasbasilica.com\/index.php?rest_route=%2Fwp%2Fv2%2Fproduct_tag&post=344"}],"curies":[{"name":"wp","href":"https:\/\/api.w.org\/{rel}","templated":true}]}}